 - 3*h**2 + 3*h + 5*h**2. Give c(t).
3
Let w(k) = 4*k + 2. Suppose -c + 28 = 3*c. Let f(a) = -4*a - 3. Let u be f(-2). Let l = u - c. Calculate w(l).
-6
Let f be (-26)/6 + 3/9. Let l(w) = -w + 2. Determine l(f).
6
Let u(m) = m**3 + 3*m**2 + 2*m + 3. Let w be 0 - 0 - (-1 + -1). Suppose j + w = -0*j. Let n be ((-6)/(-4))/(1/j). What is u(n)?
-3
Let c(r) be the second derivative of -r**5/20 - r**4/12 - r**3/6 + 4*r**2 + r. Let m(b) = 27*b + 81. Let n be m(-3). Calculate c(n).
8
Let d(o) be the first derivative of -4*o**3/3 + o**2 + o + 3. Suppose 3*m + 2*m = 0. Let y = -1 - m. Determine d(y).
-5
Let i(w) = w**2 + 4*w - 11. Let j be i(-6). Let s(p) = 7*p**2 - p + 1. Give s(j).
7
Let j be 1*-10*12/(-20). Let z(m) = m**3 - 6*m**2 - 2. Calculate z(j).
-2
Suppose 16 = 4*m - 5*h, -3*m = -0*m - h - 12. Let c(s) = -s**2 + 4*s + 3. What is c(m)?
3
Let t(v) = -3*v + 3 - 5*v + 0*v + 3*v. Calculate t(2).
-7
Let h(t) be the third derivative of -t**5/120 - t**4/24 + t**3 + 8*t**2. Let i(v) be the first derivative of h(v). Give i(3).
-4
Suppose -p + 0*w + 36 = -2*w, 2*p + 3*w = 51. Suppose -3*m = 2*m - p. Let z = m + -9. Let g(s) = s**3 + 4*s**2 + 4*s + 2. What is g(z)?
-1
Let f(k) = k**2 + 6*k + 5. Let c be f(-6). Let l(a) = 5*a - 4*a + a**3 - 5*a**2 + c*a + 0*a**3 - 1. Determine l(4).
7
Let t = 13 + -15. Let s(y) = y**3 + y**2 + 4*y + 3. Determine s(t).
-9
Let j(o) = 3*o**2 + 2*o - 8. Let m(h) = -8*h**2 - 7*h + 23. Let f(t) = -11*j(t) - 4*m(t). Determine f(6).
-4
Let b(c) = -c. Let i = -4 + 1. Let u(j) = -j - 9. Let q be u(-6). Let v be q/i*2 - 1. Determine b(v).
-1
Let h(x) be the first derivative of -5*x**3/3 - 5*x**2/2 - 7*x - 3. Let o(u) = -2*u**2 - 2*u - 3. Let r(q) = -6*h(q) + 14*o(q). Calculate r(-2).
4
Let l(y) = y**2 + 3*y + 2. Suppose -2*a - 12 = -6*a. Suppose -a*x - 16 = x. Calculate l(x).
6
Let b(l) = l - 2. Let o be b(4). Suppose -p - o*p = 18. Let t be (p - -2)/(-2) + 2. Let z(x) = -x**3 + 4*x**2 - x + 2. Determine z(t).
-2
Let w(q) = -3*q + 6 - 6*q**2 - 3*q - 2*q**3 + q**3 + 6*q**3. Let i(m) = -10*m**3 + 11*m**2 + 11*m - 11. Let o(u) = -6*i(u) - 11*w(u). Let z = 2 + -3. Give o(z).
-5
Suppose 2*v - 351 = -355. Let c(t) = -1 + t**3 + 2*t + 2*t**2 + 1. Give c(v).
-4
Let f(d) = 11*d**2 + 8*d + 2. Let r(l) = -5*l**2 - 4*l - 1. Let w = 9 - 5. Let s(j) = w*f(j) + 9*r(j). What is s(-4)?
-1
Suppose -7*g + 1 + 48 = 0. Let d(p) = -p**2 + 7*p + 2. Determine d(g).
2
Let i(z) be the third derivative of -z**4/24 + 2*z**2. Determine i(6).
-6
Let j(q) be the second derivative of -q**5/20 + q**4/3 - 3*q**2/2 - 4*q. Let k = 9 + -6. Calculate j(k).
6
Let u(g) = -5*g - 3. Let o(q) = 10*q + 7. Let s(f) = 2*o(f) + 5*u(f). Suppose 4*j = 2*j - 38. Let n = 18 + j. Give s(n).
4
Let c(x) = -x + 1. Let a(o) = o - 14. Let m(q) = q - 15. Let w(h) = 6*a(h) - 5*m(h). Let z be w(0). Let n be 136/36 + (-2)/z. Calculate c(n).
-3
Let t = -8 - -7. Let z(f) be the third derivative of -3*f**4/8 - f**3/6 - 2*f**2. Calculate z(t).
8
Let p(m) = 5*m**3 + 6*m**2 + 3*m - 5. Let f(q) = -6*q**3 - 6*q**2 - 3*q + 6. Let r(g) = -4*f(g) - 5*p(g). Determine r(-5).
-9
Let u(i) = 4*i**2 + 4*i + 6 - 2*i**2 - 3*i**2. Give u(6).
-6
Let j(n) be the first derivative of -5*n + n**2 - 6 + 1/3*n**3. Give j(-4).
3
Suppose -6*q = -8*q. Let n(h) = 0 + h - 1 + 1. Calculate n(q).
0
Let h(d) = d**2 - 2. Let x be -3*(3/(-9) - -1). Let v be h(x). Let a(r) = 4*r - r + 5*r**v + r**3 - r - 4. Determine a(-3).
8
Let c(d) = 3*d - 2. Suppose 0 = 2*i + 3*i - 25. Suppose -i*q - 7 - 13 = 0. Let w = q - -7. What is c(w)?
7
Let c(j) = 3*j + 2. Let b(f) = f**2 - 6*f + 4. Let d be b(3). Let u = d + 3. Give c(u).
-4
Let p(f) = -2*f**2 + 4. Let t = 43 - 46. Calculate p(t).
-14
Let l = -8 + 7. Let z(i) be the third derivative of i**6/20 + 2*i**2. Give z(l).
-6
Let f(d) be the third derivative of 1/120*d**6 + 0 - d**3 + 0*d - 2*d**2 + 1/60*d**5 + 1/24*d**4. Suppose -m - 4 = -3*s - 2*m, -3*m = 5*s - 12. What is f(s)?
-6
Let g(y) = 6*y**2 + 4 - 6*y**2 - 1 - y**3. Let l be 5/(0 - (-3 - -2)). Suppose -4*t - o - 5 = 0, 11 = -l*t - 4*o - 9. Calculate g(t).
3
Suppose -4*w + w = -6. Let v(y) = w*y + 0*y - 3*y - 6 + 2. Give v(-3).
-1
Suppose 5*g + 0 = -10. Let b(w) = -w**2 - w - 1. Determine b(g).
-3
Let b(g) = -g + 4. Suppose 47 = -2*x + 39. Give b(x).
8
Let f(b) = 4*b**2. Suppose 5*v = l - 12, -2*v = -2*l + 14 - 6. Determine f(l).
16
Let o(y) = 59*y - 2. Let b be o(1). Let l be (b/(-76))/(2/(-8)). Let w(a) = -a**3 + 3*a**2 + 4. Give w(l).
4
Let d(a) = a**3 + 3*a**2 - 6*a + 6. Let c be d(-5). Let u = c + 13. Let r(j) = 4*j**2 - 1. Give r(u).
3
Suppose 12 = 2*b - z, -4*z - 3 = -b - 2*z. Let w = 8 - b. Let p(s) = -8*s**2 + 1. What is p(w)?
-7
Let o(b) = 3*b - 4. Suppose -3*f + 2 + 3 = -2*c, 2*c + 11 = 5*f. Calculate o(f).
5
Suppose -12 = -2*p + 4. Let u(w) = -w**2 + 4*w - 2*w**2 - p + 4*w**2. What is u(-6)?
4
Let d be (3 - 27/3)/(-2). Let t(h) = 0*h - d*h + 0 - 2 - 1. Let v be 3 - 0/(-4) - 6. Give t(v).
6
Suppose m = 3*t + 6 + 4, 0 = -3*t + 2*m - 11. Suppose -25 = -5*c - 5*s, 2*s - 8 = -2*s. Let q(d) = c + 5*d - 2*d - 2*d. Determine q(t).
0
Let x be 4/(13 - 1)*21. Let q = x + -12. Let m(g) = g**2 + 5*g + 4. What is m(q)?
4
Let h(y) = -y**3 - 5*y**2 - 3*y - 3. Let w be 6/24 - (-26)/(-8). Give h(w).
-12
Let a = -29 - -32. Let i(o) = -2*o**3 + 4*o**2 + o + 1. Give i(a).
-14
Let w = -3 + 8. Let f(p) = 3*p**3 + 4*p**2 + 2*p + 4. Let k(s) = s**3 - s + 1. Let q(g) = f(g) - 4*k(g). What is q(w)?
5
Let c(a) = a**3 + 6*a**2 + 6*a + 3. Let w(b) = -b**3 - 9*b**2 + 10*b - 5. Let f = 21 - 31. Let g be w(f). Give c(g).
-2
Let h(n) = n + 9. Let s be h(-9). Let a(x) = -2*x - 8. Let z be a(-6). Suppose s = 2*k - 2*m - m - 1, -2*k = 2*m + z. Let t(v) = 7*v**2 + 2*v + 1. Give t(k).
6
Let o(z) be the first derivative of z**4/4 + z**3/3 - 2*z**2 - z + 2. Let q(x) = 2*x**3 + 2*x**2 - 9*x - 2. Let u(t) = 7*o(t) - 3*q(t). Determine u(-2).
-3
Let s(x) = x + 4*x + 4 - 2*x. Give s(3).
13
Let d(x) = 4*x**2 + 6*x**2 - 6*x + 2*x**3 + 4 + 2*x**3 - x**2. Let f(t) = -5*t**3 - 10*t**2 + 7*t - 4. Let v(c) = -6*d(c) - 5*f(c). Determine v(4).
0
Let r(l) = l**2 - 5*l - 2. Let a(d) = -d**2 + 6*d + 2. Let z(j) = 3*a(j) + 4*r(j). Let u be z(3). Let w(p) = -p**3 + 3*p**2 - 1. Give w(u).
1
Let v(p) = p**3 - 13*p**2 - 13*p - 12. Let t be v(14). Let f(b) = b**3 + 8*b - 7*b**2 + 2 + 0*b**t - 10. Suppose -9 - 3 = -2*x. Determine f(x).
4
Suppose 4*z = -z + 4*n - 45, -5*z - n - 20 = 0. Let c(p) = -p**3 - 5*p**2 + 4*p + 7. Give c(z).
-13
Let z(n) = -n**3 + 7*n**2 + 8*n - 10. Suppose -j = -4*u - 24, -6 - 6 = -j + u. What is z(j)?
-10
Let u(b) = b**2 + 6*b + 4. Suppose -5*z + 2*k - 29 = 0, 0 = -3*z + 4*k - 17 - 6. Determine u(z).
-1
Suppose 16 = 8*n - 4*n. Let f(y) be the first derivative of y + y**2 - y**2 - y**2 + 2. What is f(n)?
-7
Let a(v) be the third derivative of -v**5/30 - 7*v**4/24 - v**3 + 2*v**2. Suppose 2*q - 5 = -4*b + 7, b - 5 = 0. Give a(q).
-10
Let g(m) = -m - 7. Let x = -6 + 6. Let w be x*1*2/(-4). Calculate g(w).
-7
Let m(q) = q + 6. Let z be m(-4). Suppose -4*o + 3*y = -6 - 0, -4*o + 4*y + 8 = 0. Let s(v) = o*v - 2 - 2*v + z. What is s(-4)?
8
Suppose 3*q - 20 = -q. Let l(x) = -4*x**3 - 15*x**2 - 4*x + 7. Let w(z) = 3*z**3 + 10*z**2 + 3*z - 5. Let p(y) = -5*l(y) - 7*w(y). What is p(q)?
-5
Let y(t) = t**3 - 18*t**2 - t + 19. Let c be y(18). Let w(j) = -8*j**2 + 1. Calculate w(c).
-7
Let v(t) = 4*t - 3. Let h(r) = -r + 6. Let m be h(4). What is v(m)?
5
Let p(a) = 7*a - 6*a**2 - a + 1 + 5*a**2 - 3*a. What is p(6)?
-17
Let z(l) be the third derivative of l**6/20 + l**5/30 + l**4/24 + 3*l**2. Suppose 7 = m + 5*r - 21, m - 2*r + 7 = 0. Let y = -4 + m. Give z(y).
-5
Let g(j) = -4*j**2 - j - 1. Let m be 63/(-49) - 2/(-7). Let h be g(m). Let q be (2/h)/(2/24). Let v(w) = w**3 + 6*w**2 - 3. Determine v(q).
-3
Let d(u) = u**3 - u**2 - 2*u - 1. Suppose r = 7 - 25. Let q = 26 + r. Let z(f) = f**2 - 8*f - 1. Let b be z(q). Determine d(b).
-1
Let j(y) be the first derivative of -y**2 + 5*y - 1. Suppose -3*l = 3*m + 57, 2*l - l = 2*m - 28. Let h = l + 26. Calculate j(h).
-3
Let y = 2/25 - -44/75. Let t(i) be the first derivative of -y*i**3 + 2*i + 0*i**2 + 2 + 1/4*i**4. Determine t(2).
2
Let f(s) = s**3 - 6*s**2 + 4*s - 1. Suppose v + x = 5, -5*v + 4*x = -2 - 23. Determine f(v).
-6
Le